f 1632169?
True
Is 645 a multiple of 3?
True
Is 6 a factor of 75444?
True
Does 123 divide 40590?
True
Is 1871560 a multiple of 54?
False
Is 12 a factor of 126005?
False
Is 93088 a multiple of 278?
False
Is 35 a factor of 15263255?
True
Does 24 divide 386862?
False
Does 172 divide 7239653?
False
Is 32 a factor of 6787376?
False
Is 48360 a multiple of 5?
True
Does 394 divide 322091?
False
Does 12 divide 379680?
True
Does 11 divide 104105?
False
Does 9 divide 42445?
False
Is 12057 a multiple of 14?
False
Is 10 a factor of 2469970?
True
Is 160360 a multiple of 20?
True
Does 68 divide 5210?
False
Is 50 a factor of 24750?
True
Is 58720 a multiple of 8?
True
Does 24 divide 6352344?
True
Is 152 a factor of 7515913?
False
Is 689358 a multiple of 27?
False
Is 23 a factor of 269992?
False
Is 5179360 a multiple of 160?
True
Is 101099 a multiple of 313?
True
Does 49 divide 925304?
False
Does 1010 divide 2531147?
False
Is 8147522 a multiple of 6?
False
Is 12 a factor of 132780?
True
Is 7 a factor of 6910904?
True
Is 145339 a multiple of 9?
False
Does 31 divide 6435598?
False
Is 98 a factor of 82712?
True
Is 16 a factor of 1453741?
False
Is 58 a factor of 5974?
True
Does 217 divide 108717?
True
Does 28 divide 13440?
True
Does 17 divide 11433520?
True
Does 21 divide 462336?
True
Is 2150412 a multiple of 645?
False
Does 161 divide 329084?
True
Does 428 divide 782384?
True
Does 8 divide 2284952?
True
Does 285 divide 107445?
True
Is 728866 a multiple of 600?
False
Is 376 a factor of 3595312?
True
Does 12 divide 12601350?
False
Is 51 a factor of 32640?
True
Is 166 a factor of 159858?
True
Is 12270 a multiple of 4?
False
Is 105908 a multiple of 22?
True
Does 303 divide 2029494?
True
Does 24 divide 134965?
False
Is 369755 a multiple of 9?
False
Does 38 divide 565350?
False
Is 34 a factor of 191998?
True
Is 16951 a multiple of 38?
False
Is 24 a factor of 716808?
True
Is 7205560 a multiple of 187?
False
Is 544160 a multiple of 58?
False
Does 531 divide 2245826?
False
Is 414744 a multiple of 12?
True
Is 30852 a multiple of 524?
False
Does 31 divide 2813674?
False
Is 98245 a multiple of 16?
False
Is 1588078 a multiple of 526?
False
Is 886435 a multiple of 227?
True
Is 571 a factor of 269122?
False
Does 7 divide 157963?
False
Is 4538113 a multiple of 93?
False
Is 2171223 a multiple of 19?
False
Is 18 a factor of 128808?
True
Does 28 divide 10612?
True
Is 2919684 a multiple of 6?
True
Is 173 a factor of 11993?
False
Is 299 a factor of 135447?
True
Is 13296375 a multiple of 45?
True
Is 233 a factor of 129402?
False
Does 589 divide 9320817?
False
Is 546 a factor of 1427244?
True
Is 68587 a multiple of 50?
False
Does 113 divide 139329?
True
Does 31 divide 2639760?
False
Does 188 divide 3114408?
True
Does 45 divide 20591955?
True
Is 3 a factor of 1124899?
False
Does 35 divide 179025?
True
Is 278 a factor of 1348578?
True
Is 10534040 a multiple of 40?
True
Is 8424218 a multiple of 22?
True
Does 243 divide 44712?
True
Is 334 a factor of 158316?
True
Does 185 divide 589965?
True
Is 48 a factor of 459168?
True
Does 12 divide 844068?
True
Is 16 a factor of 7682608?
True
Does 109 divide 27686?
True
Is 1911110 a multiple of 67?
False
Is 10009491 a multiple of 21?
False
Does 51 divide 82570?
False
Is 3171207 a multiple of 91?
False
Is 254 a factor of 413530?
False
Is 241 a factor of 252895?
False
Does 557 divide 828585?
False
Is 40764 a multiple of 18?
False
Does 43 divide 5406863?
True
Is 3 a factor of 14790?
True
Is 3885910 a multiple of 10?
True
Is 912384 a multiple of 66?
True
Does 21 divide 6822749?
False
Is 92302 a multiple of 266?
True
Is 17 a factor of 28645?
True
Does 158 divide 4979434?
False
Does 14 divide 5200552?
True
Does 12 divide 899028?
True
Is 22 a factor of 238414?
True
Is 970084 a multiple of 203?
False
Does 33 divide 48939?
True
Is 313921 a multiple of 77?
False
Is 11 a factor of 132726?
True
Does 5 divide 63107?
False
Is 466542 a multiple of 330?
False
Does 3 divide 54439?
False
Is 234 a factor of 1420539?
False
Is 827249 a multiple of 13?
False
Does 54 divide 258315?
False
Is 14287014 a multiple of 149?
True
Is 402381 a multiple of 9?
True
Does 9 divide 9897?
False
Does 1278 divide 2196882?
True
Does 252 divide 83546?
False
Is 36413 a multiple of 19?
False
Is 58 a factor of 80968?
True
Is 10 a factor of 8586817?
False
Is 222798 a multiple of 71?
True
Is 189 a factor of 8278760?
False
Does 100 divide 159351?
False
Is 12835087 a multiple of 1041?
False
Does 51 divide 681192?
False
Is 2845639 a multiple of 11?
False
Is 25 a factor of 853703?
False
Does 26 divide 22538?
False
Is 100191 a multiple of 58?
False
Is 42 a factor of 532470?
False
Does 110 divide 604890?
True
Is 47700 a multiple of 100?
True
Does 14 divide 4691807?
False
Is 12 a factor of 5302019?
False
Is 2 a factor of 114?
True
Is 208012 a multiple of 644?
True
Is 2057729 a multiple of 55?
False
Does 24 divide 5847?
False
Does 20 divide 12460?
True
Does 20 divide 3231733?
False
Is 580888 a multiple of 56?
True
Is 8 a factor of 139749?
False
Is 2775624 a multiple of 12?
True
Is 5 a factor of 932800?
True
Is 123 a factor of 89913?
True
Is 274 a factor of 172072?
True
Is 778 a factor of 5858540?
False
Is 20 a factor of 1856223?
False
Is 448224 a multiple of 29?
True
Is 76 a factor of 403940?
True
Is 2562 a factor of 1040172?
True
Is 3 a factor of 612642?
True
Is 508914 a multiple of 441?
True
Is 19 a factor of 63422?
True
Does 33 divide 148513?
False
Is 255122 a multiple of 58?
False
Is 890904 a multiple of 84?
True
Does 700 divide 7452620?
False
Is 338 a factor of 185223?
False
Does 57 divide 1008102?
True
Is 17844 a multiple of 6?
True
Is 8 a factor of 1749061?
False
Is 287 a factor of 1600824?
False
Does 1414 divide 8922537?
False
Is 2428668 a multiple of 56?
False
Is 3573988 a multiple of 57?
False
Is 183036 a multiple of 7?
True
Does 36 divide 268081?
False
Is 66 a factor of 26551404?
True
Does 123 divide 1614611?
False
Is 285378 a multiple of 4?
False
Is 782 a factor of 5218286?
True
Is 13 a factor of 1162917?
False
Does 5 divide 2430?
True
Is 2016432 a multiple of 57?
True
Is 589236 a multiple of 129?
False
Is 804520 a multiple of 20?
True
Is 2058 a factor of 3461802?
False
Is 3939155 a multiple of 187?
True
Is 204700 a multiple of 5?
True
Is 4 a factor of 419959?
False
Is 5960938 a multiple of 32?
False
Is 599 a factor of 1797599?
True
Does 17 divide 567579?
True
Is 334540 a multiple of 43?
True
Does 20 divide 619640?
True
Does 60 divide 42047?
False
Is 29552 a multiple of 3?
False
Is 13 a factor of 3180659?
False
Is 8 a factor of 425757?
False
Is 14688 a multiple of 17?
True
Is 27630 a multiple of 13?
False
Does 13 divide 183092?
True
Is 728 a factor of 334880?
True
Is 11 a factor of 2406945?
False
Does 14 divide 157059?
False
Is 13 a factor of 7750957?
False
Is 163 a factor of 848414?
False
Is 26 a factor of 961454?
True
Is 349412 a multiple of 11?
False
Does 125 divide 16444750?
True
Is 48 a factor of 1920947?
False
Does 166 divide 495842?
True
Is 40 a factor of 69399?
False
Is 52 a factor of 61483?
False
Is 562 a factor of 744541?
False
Does 25 divide 120225?
True
Is 212575 a multiple of 537?
False
Does 302 divide 176670?
True
Does 362 divide 143570?
False
Does 10 divide 72920?
True
Is 4 a factor of 20588?
True
Is 5 a factor of 5794864?
False
Does 262 divide 13624?
True
Is 3 a factor of 2935385?
False
Is 296 a factor of 15048097?
False
Does 48 divide 108432?
True
Does 11 divide 1118737?
False
Is 355 a factor of 5662960?
True
Does 409 divide 14557574?
False
Is 21 a factor of 101899?
False
Is 6389422 a multiple of 34?
False
Is 2724829 a multiple of 54?
False
Is 7 a factor of 898406?
False
Does 40 divide 8800240?
True
Is 11245 a multiple of 173?
True
Is 7560 a multiple of 45?
True
Does 76 divide 358426?
False
Does 25 divide 1605200?
True
Is 19173053 a multiple of 199?
True
Does 523 divide 57007?
True
Does 933 divide 790731?
False
Is 8771295 a multiple of 75?
False
Is 611745 a multiple of 5?
True
Is 9 a factor of 103545?
True
Is 27 a factor of 2919294?
True
Does 183 divide 642330?
True
Does 25 divide 13238847?
False
Does 453 divide 659658?
False
Does 6 divide 119300?
False
Does 9 divide 326564?
False
Does 21 divide 691698?
True
Is 818 a factor of 348468?
True
Does 115 divide 843852?
False
Is 